{"id":43594,"date":"2020-04-08T04:07:44","date_gmt":"2020-04-08T08:07:44","guid":{"rendered":"http:\/\/crashdown.com\/news\/?page_id=43594"},"modified":"2020-04-12T05:51:27","modified_gmt":"2020-04-12T09:51:27","slug":"music","status":"publish","type":"page","link":"https:\/\/crashdown.com\/news\/roswellnewmexico\/season-2\/204-what-if-god-was-one-of-us\/music\/","title":{"rendered":"#204 What If God Was One of Us \u2013 Music"},"content":{"rendered":"<p><small>Song List:\u00a0<a href=\"https:\/\/twitter.com\/cmollere\" target=\"_blank\" rel=\"noopener noreferrer\">Chris Mollere<\/a>, Scenes\/Links\/Album Info:\u00a0<a href=\"http:\/\/www.crashdown.com\/\" target=\"_blank\" rel=\"noopener noreferrer\">Lena<\/a><\/small><\/p>\n<h4>1. LEN &#8220;Steal My Sunshine&#8221;<\/h4>\n<p><strong>Album: <\/strong>You Can&#8217;t Stop The Bum Rush (1999)<br \/>\n<strong>Scene: <\/strong>Graham Green and his <span class=\"\">Grahamettes<\/span> burst into The Crashdown Caf\u00e9 and he announces that a free milkshake is available across the street (in a reasonably priced take-home mug). Isabel uses her powers and Graham runs into the door and his wig gets out of place. After that Liz joins Isabel and they talk about Papa Arturo.<br \/>\n<strong>Music:<\/strong> <a href=\"https:\/\/open.spotify.com\/track\/5k2eOI8e9RpwCZcFQrqtKi?si=X6tkoEG0RTeor7ZC04f9oQ\" target=\"_blank\" rel=\"noopener noreferrer\">Spotify<\/a> | <a href=\"https:\/\/music.apple.com\/us\/album\/steal-my-sunshine\/459816205?i=459816208\" target=\"_blank\" rel=\"noopener noreferrer\">Apple<\/a><\/p>\n<h4>2. Spacehog &#8220;In The Meantime&#8221;<\/h4>\n<p><strong>Album: <\/strong>Resident Alien (1995)<br \/>\n<strong>Scene: <\/strong>?<br \/>\n<strong>Music:<\/strong> <a href=\"https:\/\/open.spotify.com\/track\/02lTDOxHeXTHsdwXoz6lpC?si=CtUIdIOGQRya8NEXBth9wQ\" target=\"_blank\" rel=\"noopener noreferrer\">Spotify<\/a> | <a href=\"https:\/\/music.apple.com\/us\/album\/in-the-meantime-re-recorded-version\/928521581?i=928521606\" target=\"_blank\" rel=\"noopener noreferrer\">Apple<\/a><\/p>\n<h4>3. Duke Ellington &#8220;Take It Easy&#8221;<\/h4>\n<p><strong>Album: <\/strong>The Essential Duke Ellington (2007)<br \/>\n<strong>Scene: <\/strong>Roy asks Louise for a dance and Walt and Nora also dance in the barn.<br \/>\n<strong>Music:<\/strong> <a href=\"https:\/\/open.spotify.com\/track\/1jY6FJHrz1BPALNu2RBWDC?si=Cypr7gjiTmmfTEu05_UAVg\" target=\"_blank\" rel=\"noopener noreferrer\">Spotify<\/a> | <a href=\"https:\/\/music.apple.com\/us\/album\/take-it-easy\/199331521?i=199332182\" target=\"_blank\" rel=\"noopener noreferrer\">Apple<\/a><\/p>\n<h4>4. Man\u00e1 &#8220;Como Te Deseo&#8221;<\/h4>\n<p><strong>Album: <\/strong>\u00bfD\u00f3nde Jugar\u00e1n los Ni\u00f1os? (1992) | The Studio Albums 1990-2011 (2012)<br \/>\n<strong>Scene: <\/strong>Liz and Kyle leave the Dean&#8217;s office. Rosa tries to mix a shake, when the machine is short-circuited. Isabel arrives and startles Rosa.<br \/>\n<strong>Music:<\/strong> <a href=\"https:\/\/open.spotify.com\/track\/2qGvskYmn9YaQJL6KWrhfh?si=YYajt268QXqv83sIaUGi9A\" target=\"_blank\" rel=\"noopener noreferrer\">Spotify<\/a> | <a href=\"https:\/\/music.apple.com\/us\/album\/como-te-deseo\/358348982?i=358349036\" target=\"_blank\" rel=\"noopener noreferrer\">Apple<\/a><\/p>\n<h4>5. Oasis &#8220;Don&#8217;t Look Back In Anger&#8221;<\/h4>\n<p><strong>Album: <\/strong>(What\u2019s The Story) Mornign Glory?<br \/>\n<strong>Scene: <\/strong>Isobel buys a cherry chili milkshake, gives a huge tip and gets into Liz&#8217;s father mind to place a memory about Rosa.<br \/>\n<strong>Music:<\/strong> <a href=\"https:\/\/open.spotify.com\/track\/3YzIgoRuwFdyYiOfDoh7KJ?si=fvIWgC3XR8ixxL6QxJo1CA\" target=\"_blank\" rel=\"noopener noreferrer\">Spotify<\/a> | <a href=\"https:\/\/music.apple.com\/us\/album\/dont-look-back-in-anger-remastered\/917104583?i=917104594\" target=\"_blank\" rel=\"noopener noreferrer\">Apple<\/a><\/p>\n<h4>4. Man\u00e1 &#8220;Como Te Deseo&#8221;<\/h4>\n<p><strong>Album:<\/strong> \u00bfD\u00f3nde Jugar\u00e1n los Ni\u00f1os? (1992) | The Studio Albums 1990-2011 (2012)<br \/>\n<strong>Scene: <\/strong>The song plays again when the Ortecho sisters reunite with their papa. Arturo believes in the miracle.<br \/>\n<strong>Music:<\/strong> <a href=\"https:\/\/open.spotify.com\/track\/2qGvskYmn9YaQJL6KWrhfh?si=YYajt268QXqv83sIaUGi9A\" target=\"_blank\" rel=\"noopener noreferrer\">Spotify<\/a> | <a href=\"https:\/\/music.apple.com\/us\/album\/como-te-deseo\/358348982?i=358349036\" target=\"_blank\" rel=\"noopener noreferrer\">Apple<\/a><\/p>\n<h4>6. Ben Harper &#8220;Waiting On An Angel&#8221;<\/h4>\n<p><strong>Album: <\/strong>Welcome To The Cruel World (1994)<br \/>\n<strong>Scene: <\/strong>The song plays at the end of the episode, when Isobel visits Max in the cave and talks to the pod. Scenes changes to Jesse Manes and shows Jenna leaving her car next, which she leaves to check on the animal corpse .. and an alien light hits her. Meanwhile, Arthuro and his daughters dance in The Crashdown Caf\u00e9. The episode ends with Max in the pod and the generator has a short circuit. Max opens his eyes.<br \/>\n<strong>Music:<\/strong> <a href=\"https:\/\/open.spotify.com\/track\/7yO3mhpAt99n60tK9VkXLf?si=bLIAPrxjTLi9dUmElw2Hbw\" target=\"_blank\" rel=\"noopener noreferrer\">Spotify<\/a> | <a href=\"https:\/\/music.apple.com\/us\/album\/waiting-on-an-angel\/1440845904?i=1440846326\" target=\"_blank\" rel=\"noopener noreferrer\">Apple<\/a><\/p>\n<p>Follow this link to our\u00a0<a href=\"https:\/\/open.spotify.com\/playlist\/5ZZgZXLDJZwrvb5LzhnbTS?si=LJL0zZjmQ6y9NRJzng5n3Q\" target=\"_blank\" rel=\"noopener noreferrer\">Season 2 \u2013 Spotify Playlist.<\/a><\/p>\n","protected":false},"excerpt":{"rendered":"<p>Song List:\u00a0Chris Mollere, Scenes\/Links\/Album Info:\u00a0Lena 1. LEN &#8220;Steal My Sunshine&#8221; Album: You Can&#8217;t Stop The Bum Rush (1999) Scene: Graham<\/p>\n","protected":false},"author":2,"featured_media":0,"parent":43573,"menu_order":0,"comment_status":"closed","ping_status":"closed","template":"","meta":{"colormag_page_container_layout":"default_layout","colormag_page_sidebar_layout":"default_layout","footnotes":""},"coauthors":[2262],"class_list":["post-43594","page","type-page","status-publish","hentry"],"_links":{"self":[{"href":"https:\/\/crashdown.com\/news\/wp-json\/wp\/v2\/pages\/43594","targetHints":{"allow":["GET"]}}],"collection":[{"href":"https:\/\/crashdown.com\/news\/wp-json\/wp\/v2\/pages"}],"about":[{"href":"https:\/\/crashdown.com\/news\/wp-json\/wp\/v2\/types\/page"}],"author":[{"embeddable":true,"href":"https:\/\/crashdown.com\/news\/wp-json\/wp\/v2\/users\/2"}],"replies":[{"embeddable":true,"href":"https:\/\/crashdown.com\/news\/wp-json\/wp\/v2\/comments?post=43594"}],"version-history":[{"count":6,"href":"https:\/\/crashdown.com\/news\/wp-json\/wp\/v2\/pages\/43594\/revisions"}],"predecessor-version":[{"id":43652,"href":"https:\/\/crashdown.com\/news\/wp-json\/wp\/v2\/pages\/43594\/revisions\/43652"}],"up":[{"embeddable":true,"href":"https:\/\/crashdown.com\/news\/wp-json\/wp\/v2\/pages\/43573"}],"wp:attachment":[{"href":"https:\/\/crashdown.com\/news\/wp-json\/wp\/v2\/media?parent=43594"}],"wp:term":[{"taxonomy":"author","embeddable":true,"href":"https:\/\/crashdown.com\/news\/wp-json\/wp\/v2\/coauthors?post=43594"}],"curies":[{"name":"wp","href":"https:\/\/api.w.org\/{rel}","templated":true}]}}