{"id":45571,"date":"2021-05-27T12:20:02","date_gmt":"2021-05-27T16:20:02","guid":{"rendered":"http:\/\/crashdown.com\/news\/?page_id=45571"},"modified":"2021-05-27T12:20:02","modified_gmt":"2021-05-27T16:20:02","slug":"french","status":"publish","type":"page","link":"https:\/\/crashdown.com\/news\/baronandtoluca\/what-is-bandt\/french\/","title":{"rendered":"C\u2019est quoi B+T ?"},"content":{"rendered":"<h4>Baron And Toluca explained in French<\/h4>\n<p>Aur\u00e9lie explains what BARON and TOLUCA is for all the French speaking sci-fi fans. Please go ahead and share it with your friends and be sure to join the campaign.<\/p>\n<hr \/>\n<p><img loading=\"lazy\" decoding=\"async\" src=\"https:\/\/crashdown.com\/news\/wp-content\/uploads\/2021\/05\/bandt_video_background_french_04-1024x576.jpg\" alt=\"\" width=\"487\" height=\"274\" class=\"alignright size-large wp-image-45580\" srcset=\"https:\/\/crashdown.com\/news\/wp-content\/uploads\/2021\/05\/bandt_video_background_french_04-1024x576.jpg 1024w, https:\/\/crashdown.com\/news\/wp-content\/uploads\/2021\/05\/bandt_video_background_french_04-300x169.jpg 300w, https:\/\/crashdown.com\/news\/wp-content\/uploads\/2021\/05\/bandt_video_background_french_04-768x432.jpg 768w, https:\/\/crashdown.com\/news\/wp-content\/uploads\/2021\/05\/bandt_video_background_french_04-1536x864.jpg 1536w, https:\/\/crashdown.com\/news\/wp-content\/uploads\/2021\/05\/bandt_video_background_french_04.jpg 1920w\" sizes=\"auto, (max-width: 487px) 100vw, 487px\" \/>B+T c\u2019est l\u2019abr\u00e9viation de Baron + Toluca. Baron Guerin .. DeLuca Toluca?<\/p>\n<p>B+T ce n\u2019est pas Roswell. C\u2019est plut\u00f4t un hommage \u00e0 ce m\u00e9lange si particulier entre d\u2019un c\u00f4t\u00e9 la s\u00e9rie de science fiction, et de l\u2019autre l&#8217;alchimie si particuli\u00e8re qu\u2019il y avait entre Michael et Maria.<\/p>\n<p>Pour citer Brendan Fehr et Majandra Delfino :<\/p>\n<p>\u201cNot a reboot. Not a prequel. But a spiritual successor to a show we all loved so much. A new, original sci-fi drama that will warm the hearts of our fans of yesteryear and capture the hearts of brand new ones.&#8221;<\/p>\n<p>\u201cCe n\u2019est ni un reboot de Roswell, ni un \u00e9pisode in\u00e9dit mais le successeur spirituel d\u2019une s\u00e9rie qu\u2019on a tous ador\u00e9. Une toute nouvelle s\u00e9rie de science fiction qui va r\u00e9chauffer le coeur des fans qui nous suivent depuis tant d\u2019ann\u00e9es et conqu\u00e9rir le coeur de tous nouveaux fans.\u201d<\/p>\n<p>Baron and Toluca va enfin nous donner ce qui nous manquait depuis si longtemps en nous offrant une nouvelle s\u00e9rie pleine d\u2019aventures et de nouvelles intrigues !<\/p>\n<p>Les fans pourront retrouver des visages familiers, des histoires paranormales et cerise sur le g\u00e2teau : de tr\u00e8s nombreuses r\u00e9f\u00e9rences \u00e0 la s\u00e9rie Roswell !<\/p>\n<p><iframe loading=\"lazy\" width=\"560\" height=\"315\" src=\"https:\/\/www.youtube.com\/embed\/UxgT1q0ykXc\" title=\"YouTube video player\" frameborder=\"0\" allow=\"accelerometer; autoplay; clipboard-write; encrypted-media; gyroscope; picture-in-picture\" allowfullscreen><\/iframe><\/p>\n<p>C\u2019est une id\u00e9e unique qui plaira non seulement aux t\u00e9l\u00e9spectateurs qui aimaient regarder Roswell quand ils \u00e9taient plus jeunes mais \u00e9galement \u00e0 tous ceux qui aiment les s\u00e9ries de science-fiction.<\/p>\n<p>Il y a 2 promotions vraiment g\u00e9niales que vous pouvez retrouver sur youtube en tapant \u201cB+t intro trailer combo\u201d.Majandra et Brendan vous donnent eux-m\u00eames plus de d\u00e9tails \u00e0 ce sujet.<\/p>\n<p>Regardez ces promos et n\u2019h\u00e9sitez pas \u00e0 parler autour de vous de super projet.<\/p>\n<p>Vous trouverez tous les liens n\u00e9cessaires dans la fen\u00eatre de description suivante.<\/p>\n<p>Si vous vous demandez : qu\u2019est-ce que je peux faire d\u2019autre maintenant ? Ne vous inqui\u00e9tez pas !<\/p>\n<h4>EVERYONE HAS A ROLE<\/h4>\n<p>Tout le monde a un r\u00f4le \u00e0 jouer.<\/p>\n<p>Vous pouvez par exemple aller sur la campagne Indiegogo pour acheter des produits d\u00e9riv\u00e9s de la s\u00e9rie : <a href=\"http:\/\/www.indiegogo.com\/projects\/baron-and-toluca\" target=\"_blank\" rel=\"noopener\">www.indiegogo.com\/projects\/baron-and-toluca <\/a><\/p>\n<p>On peut \u00eatre livr\u00e9s partout dans le monde !<\/p>\n<p>Si vous avez des questions sur la campagne ou sur des produits que vous souhaitez commander, vous pouvez \u00e9crire directement \u00e0 Brendan, il vous apportera les r\u00e9ponses n\u00e9cessaires. Oui, le seul et unique Brendan Fehr !<\/p>\n<p>\u00c9crivez lui \u00e0 l\u2019adresse suivante : <a href=\"mailto:baronDanstoluca@gmail.com\" target=\"_blank\" rel=\"noopener\">baronDanstoluca@gmail.com<\/a><\/p>\n<p>Et si vous avez re\u00e7us vos produits, n\u2019h\u00e9sitez pas \u00e0 les prendre en photo et \u00e0 les poster sur les r\u00e9seaux sociaux avec le hashtag #wearandshare et #BandTmerch, et parlez \u00e0 vos amis de la s\u00e9rie.<\/p>\n<p>N\u2019oubliez pas de taguer Brendan et Majandra : @unrealfehr sur Twitter et Instagram, @majandrama sur Instagram et @majandraD sur Twitter.<\/p>\n<p>Aidez-nous \u00e0 soutenir cette campagne !<\/p>\n<p>Tous les fonds r\u00e9colt\u00e9s serviront \u00e0 financer et \u00e0 tourner le pilote de la s\u00e9rie\u2026 Et peut-\u00eatre d\u2019autres \u00e9pisodes !<\/p>\n<p>Pour \u00eatre inform\u00e9s des derni\u00e8res nouveaut\u00e9s, suivez le site officiel www.baronandtoluca.com et @baronandtoluca sur Twitter et Instagram.<\/p>\n<p>LET\u2019S DO THIS ! C\u2019EST PARTI !<\/p>\n<blockquote>\n<p>INDIEGOGO<br \/>\nCampaign: <a href=\"https:\/\/www.indiegogo.com\/projects\/baron-and-toluca\" target=\"_blank\" rel=\"noopener\">https:\/\/www.indiegogo.com\/projects\/baron-and-toluca<\/a><br \/>\nHashtags: #BandT #BandTogether #EveryoneHasARole #BaronAndToluca<\/p>\n<p>B+T<br \/>\nWebsite: <a href=\"http:\/\/www.baronandtoluca.com\/\" target=\"_blank\" rel=\"noopener\">http:\/\/www.baronandtoluca.com\/<\/a><br \/>\nTwitter: <a href=\"http:\/\/www.twitter.com\/BaronAndToluca\" target=\"_blank\" rel=\"noopener\">http:\/\/www.twitter.com\/BaronAndToluca<\/a><br \/>\nFacebook: <a href=\"http:\/\/www.facebook.com\/BaronToluca\/\" target=\"_blank\" rel=\"noopener\">http:\/\/www.facebook.com\/BaronToluca\/<\/a><br \/>\nInstagram: <a href=\"http:\/\/www.instagram.com\/baronandtoluca\/\" target=\"_blank\" rel=\"noopener\">http:\/\/www.instagram.com\/baronandtoluca\/<\/a><\/p>\n<p>MAJANDRA &amp; BRENDAN ON SOCIAL MEDIA<br \/>\n<a href=\"http:\/\/www.twitter.com\/MajandraD\" target=\"_blank\" rel=\"noopener\">http:\/\/www.twitter.com\/MajandraD<\/a><br \/>\n<a href=\"http:\/\/www.instagram.com\/majandrama\/\" target=\"_blank\" rel=\"noopener\">http:\/\/www.instagram.com\/majandrama\/<\/a><br \/>\n<a href=\"http:\/\/www.twitter.com\/unrealfehr\" target=\"_blank\" rel=\"noopener\">http:\/\/www.twitter.com\/unrealfehr<\/a><br \/>\n<a href=\"http:\/\/www.instagram.com\/unrealfehr\/\" target=\"_blank\" rel=\"noopener\">http:\/\/www.instagram.com\/unrealfehr\/<\/a><br \/>\n<a href=\"https:\/\/www.facebook.com\/brendanfehrofficial\" target=\"_blank\" rel=\"noopener\">https:\/\/www.facebook.com\/brendanfehrofficial<\/a><\/p>\n<p>BandTfans<br \/>\nTwitter: <a href=\"http:\/\/www.twitter.com\/bandtfans\" target=\"_blank\" rel=\"noopener\"> http:\/\/www.twitter.com\/bandtfans<\/a><br \/>\nTiktok: <a href=\"https:\/\/www.tiktok.com\/@bandtfans\" target=\"_blank\" rel=\"noopener\">https:\/\/www.tiktok.com\/@bandtfans<\/a><br \/>\nFacebook Page: <a href=\"https:\/\/www.facebook.com\/BandTfans\" target=\"_blank\" rel=\"noopener\">https:\/\/www.facebook.com\/BandTfans<\/a><br \/>\nFacebook Group: <a href=\"https:\/\/www.facebook.com\/groups\/681149428990800\" target=\"_blank\" rel=\"noopener\">https:\/\/www.facebook.com\/groups\/681149428990800<\/a><br \/>\nInstagram: <a href=\"http:\/\/www.instagram.com\/bandtfans\/\" target=\"_blank\" rel=\"noopener\">http:\/\/www.instagram.com\/bandtfans\/<\/a><\/p>\n<p>Run by: Nomi &amp; Lena<br \/>\n<a href=\"https:\/\/twitter.com\/roswellback\" target=\"_blank\" rel=\"noopener\">https:\/\/twitter.com\/roswellback<\/a><br \/>\n<a href=\"https:\/\/twitter.com\/crashdowncom\" target=\"_blank\" rel=\"noopener\">https:\/\/twitter.com\/crashdowncom<\/a><\/p><\/blockquote>\n","protected":false},"excerpt":{"rendered":"<p>Baron And Toluca explained in French Aur\u00e9lie explains what BARON and TOLUCA is for all the French speaking sci-fi fans.<\/p>\n","protected":false},"author":2,"featured_media":0,"parent":45538,"menu_order":0,"comment_status":"closed","ping_status":"closed","template":"","meta":{"colormag_page_container_layout":"default_layout","colormag_page_sidebar_layout":"default_layout","footnotes":""},"coauthors":[2262],"class_list":["post-45571","page","type-page","status-publish","hentry"],"_links":{"self":[{"href":"https:\/\/crashdown.com\/news\/wp-json\/wp\/v2\/pages\/45571","targetHints":{"allow":["GET"]}}],"collection":[{"href":"https:\/\/crashdown.com\/news\/wp-json\/wp\/v2\/pages"}],"about":[{"href":"https:\/\/crashdown.com\/news\/wp-json\/wp\/v2\/types\/page"}],"author":[{"embeddable":true,"href":"https:\/\/crashdown.com\/news\/wp-json\/wp\/v2\/users\/2"}],"replies":[{"embeddable":true,"href":"https:\/\/crashdown.com\/news\/wp-json\/wp\/v2\/comments?post=45571"}],"version-history":[{"count":6,"href":"https:\/\/crashdown.com\/news\/wp-json\/wp\/v2\/pages\/45571\/revisions"}],"predecessor-version":[{"id":45582,"href":"https:\/\/crashdown.com\/news\/wp-json\/wp\/v2\/pages\/45571\/revisions\/45582"}],"up":[{"embeddable":true,"href":"https:\/\/crashdown.com\/news\/wp-json\/wp\/v2\/pages\/45538"}],"wp:attachment":[{"href":"https:\/\/crashdown.com\/news\/wp-json\/wp\/v2\/media?parent=45571"}],"wp:term":[{"taxonomy":"author","embeddable":true,"href":"https:\/\/crashdown.com\/news\/wp-json\/wp\/v2\/coauthors?post=45571"}],"curies":[{"name":"wp","href":"https:\/\/api.w.org\/{rel}","templated":true}]}}