{"id":45599,"date":"2021-05-27T13:08:01","date_gmt":"2021-05-27T17:08:01","guid":{"rendered":"http:\/\/crashdown.com\/news\/?page_id=45599"},"modified":"2021-05-27T13:08:38","modified_gmt":"2021-05-27T17:08:38","slug":"spanish","status":"publish","type":"page","link":"https:\/\/crashdown.com\/news\/baronandtoluca\/what-is-bandt\/spanish\/","title":{"rendered":"Que es B+T?"},"content":{"rendered":"<h4>Baron And Toluca explained in Spanish<\/h4>\n<p>Mireya explains what BARON and TOLUCA is for all the Spanish speaking sci-fi fans. Please go ahead and share it with your friends and be sure to join the campaign.<\/p>\n<hr \/>\n<p><img loading=\"lazy\" decoding=\"async\" class=\"alignright size-large wp-image-45602\" src=\"https:\/\/crashdown.com\/news\/wp-content\/uploads\/2021\/05\/bandt_video_background_spanish_04-1024x576.jpg\" alt=\"\" width=\"487\" height=\"274\" srcset=\"https:\/\/crashdown.com\/news\/wp-content\/uploads\/2021\/05\/bandt_video_background_spanish_04-1024x576.jpg 1024w, https:\/\/crashdown.com\/news\/wp-content\/uploads\/2021\/05\/bandt_video_background_spanish_04-300x169.jpg 300w, https:\/\/crashdown.com\/news\/wp-content\/uploads\/2021\/05\/bandt_video_background_spanish_04-768x432.jpg 768w, https:\/\/crashdown.com\/news\/wp-content\/uploads\/2021\/05\/bandt_video_background_spanish_04-1536x864.jpg 1536w, https:\/\/crashdown.com\/news\/wp-content\/uploads\/2021\/05\/bandt_video_background_spanish_04.jpg 1920w\" sizes=\"auto, (max-width: 487px) 100vw, 487px\" \/>B+T significa Baron y Toluca. Baron Guerin\u2026 DeLuca Toluca?<\/p>\n<p>B+T no es Roswell, pero rinden homenaje a ese g\u00e9nero en particular de ciencia ficci\u00f3n y la qu\u00edmica distinta de Michael y Maria.<\/p>\n<p>Para citar a Brendan Fehr y Majandra Delfino<\/p>\n<p>\u201cNo una nueva versi\u00f3n. No una precuela. Pero un sucesor espiritual de una serie que todos amamos tanto. Un nuevo drama original de ciencia ficci\u00f3n que llenar\u00e1 de alegr\u00eda los corazones de los fans de anta\u00f1o y capturar\u00e1 los corazones de los nuevos.<\/p>\n<p>Baron y Toluca por fin nos dar\u00e1 lo que nos ha hecho falta por tanto tiempo!<\/p>\n<p>Pero nos da una nueva historia, nuevas aventuras y una nueva serie.<br \/>\nLos fans pueden esperar caras conocidas, un misterio paranormal, y la cereza encima: referencias a la serie original de Roswell (referencias ocultas).<\/p>\n<p><iframe loading=\"lazy\" title=\"YouTube video player\" src=\"https:\/\/www.youtube.com\/embed\/acUwrL9W84s\" width=\"560\" height=\"315\" frameborder=\"0\" allowfullscreen=\"allowfullscreen\"><\/iframe><\/p>\n<p>Es una idea \u00fanica apropiada no solo para los televidentes que disfrutaron de Roswell en su adolescencia y temprana adultez, pero tambi\u00e9n para los que apoyan las series con elementos de ciencia ficci\u00f3n.<\/p>\n<p>En YouTube hay dos incre\u00edbles cortos promocionales disponibles. Busca \u201cB plus T intro Trailer Combo\u201d en YouTube y los mismos Majandra y Brendan te dar\u00e1n m\u00e1s detalles.<\/p>\n<p>M\u00edralos y corre la voz sobre este proyecto incre\u00edble.<\/p>\n<p>Puedes encontrar todos los links importantes en la caja de descripci\u00f3n de abajo.<\/p>\n<p>Si est\u00e1s pensando \u201cQue m\u00e1s puedo hacer ahora?\u201d No te preocupes.<\/p>\n<h4>Todos tienen un papel<\/h4>\n<p>Por favor vayan a <a href=\"http:\/\/www.indiegogo.com\/projects\/baron-and-toluca\" target=\"_blank\" rel=\"noopener\">www.indiegogo.com\/projects\/baron-and-toluca<\/a><\/p>\n<p>Compren unos perks- s\u00ed env\u00edan por todo el mundo!<\/p>\n<p>Si tienen preguntas puedes mandar un correo electr\u00f3nico a Brendan Fehr personalmente. S\u00ed a Brendan Fehr! A baronDANStoluca@gmail.com<\/p>\n<h4>\u00bfTienes tu mercanc\u00eda?<\/h4>\n<p>Por favor toma fotos y sube tu mercanc\u00eda de B+T con los hashtags #Wearandshare y #BandTmerch en redes sociales y cu\u00e9ntale a tus amigos de la serie.<\/p>\n<p>No se les olvide hacerle tag a Brendan en Twitter y en Instagram como @unrealfehr y a Majandra en Instagram como @majandrama y en Twitter como @MajandraD<\/p>\n<h4>Por favor apoya la campa\u00f1a!<\/h4>\n<p>Todos los fondos van para la producci\u00f3n del episodio piloto y quiz\u00e1s m\u00e1s episodios.<\/p>\n<p>Para noticias y actualizaciones por favor sigue la p\u00e1gina web oficial www.baronandtoluca.com y en Twitter y en Instagram @baronandtoluca<\/p>\n<p>Vamos hacerlo!<\/p>\n","protected":false},"excerpt":{"rendered":"<p>Baron And Toluca explained in Spanish Mireya explains what BARON and TOLUCA is for all the Spanish speaking sci-fi fans.<\/p>\n","protected":false},"author":2,"featured_media":0,"parent":45538,"menu_order":0,"comment_status":"closed","ping_status":"closed","template":"","meta":{"colormag_page_container_layout":"default_layout","colormag_page_sidebar_layout":"default_layout","footnotes":""},"coauthors":[2262],"class_list":["post-45599","page","type-page","status-publish","hentry"],"_links":{"self":[{"href":"https:\/\/crashdown.com\/news\/wp-json\/wp\/v2\/pages\/45599","targetHints":{"allow":["GET"]}}],"collection":[{"href":"https:\/\/crashdown.com\/news\/wp-json\/wp\/v2\/pages"}],"about":[{"href":"https:\/\/crashdown.com\/news\/wp-json\/wp\/v2\/types\/page"}],"author":[{"embeddable":true,"href":"https:\/\/crashdown.com\/news\/wp-json\/wp\/v2\/users\/2"}],"replies":[{"embeddable":true,"href":"https:\/\/crashdown.com\/news\/wp-json\/wp\/v2\/comments?post=45599"}],"version-history":[{"count":6,"href":"https:\/\/crashdown.com\/news\/wp-json\/wp\/v2\/pages\/45599\/revisions"}],"predecessor-version":[{"id":45611,"href":"https:\/\/crashdown.com\/news\/wp-json\/wp\/v2\/pages\/45599\/revisions\/45611"}],"up":[{"embeddable":true,"href":"https:\/\/crashdown.com\/news\/wp-json\/wp\/v2\/pages\/45538"}],"wp:attachment":[{"href":"https:\/\/crashdown.com\/news\/wp-json\/wp\/v2\/media?parent=45599"}],"wp:term":[{"taxonomy":"author","embeddable":true,"href":"https:\/\/crashdown.com\/news\/wp-json\/wp\/v2\/coauthors?post=45599"}],"curies":[{"name":"wp","href":"https:\/\/api.w.org\/{rel}","templated":true}]}}